What is 3382650 (base 10) in base 5?
1331221100
What is 1102303002 (base 5) in base 14?
461116
Convert -1021000232 (base 4) to base 15.
-5d91e
Convert 101111110111100101 (base 2) to base 7.
1444426
Convert -213212123 (base 4) to base 8.
-474633
1010001110000101001011 (base 2) to base 4
22032011023
1de92 (base 15) to base 4
113313323
Convert 13832 (base 9) to base 7.
36323
Convert 5d98 (base 16) to base 14.
8a36
Convert -1032044 (base 11) to base 16.
-1bbe52
-1110100100111101 (base 2) to base 15
-12a59
-1101111000010001110 (base 2) to base 8
-1570216
Convert -10001100100000011 (base 2) to base 15.
-164ae
Convert 11100110000 (base 3) to base 6.
1500213
What is 2024312 (base 5) in base 4?
20010322
Convert -5c1322 (base 16) to base 11.
-3451656
What is 42525434 (base 6) in base 16?
13295e
What is 3362523 (base 7) in base 8?
1461642
Convert -628931 (base 10) to base 9.
-1157652
Convert 199468 (base 10) to base 16.
30b2c
Convert 14257015 (base 8) to base 11.
190a83a
What is 13301211 (base 4) in base 2?
111110001100101
Convert -2703a2 (base 12) to base 9.
-1180475
-6347515 (base 8) to base 14
-3205d3
What is -6363 (base 8) in base 6?
-23203
-3a0269 (base 12) to base 7
-11052666
Convert 1000000000010110100011 (base 2) to base 11.
1203784
What is -a9ca0 (base 16) in base 6?
-22523412
Convert 31c261 (base 13) to base 5.
244403341
Convert 234333423 (base 6) to base 8.
20654367
Convert -417031 (base 8) to base 15.
-2b1bc
74517 (base 11) to base 15
221de
2467311 (base 9) to base 14
26da1a
What is -132159 (base 12) in base 2?
-1001100110101010101
Convert -302003111 (base 4) to base 2.
-110010000011010101
What is -2146342 (base 7) in base 6?
-5353544
What is -163b55 (base 12) in base 11?
-23a619
What is -1016141 (base 7) in base 6?
-2341402
What is 12200514 (base 7) in base 16?
10ac67
Convert 2311484 (base 9) to base 7.
13414444
What is c235 (base 16) in base 15?
eae7
What is -134346 (base 7) in base 12?
-12963
Convert -48d2a9 (base 16) to base 14.
-8c3385
1676512 (base 8) to base 5
111201301
What is 1021216 (base 7) in base 13?
43c33
-1556771 (base 8) to base 5
-103400131
-10354102 (base 6) to base 11
-1a2436
Convert -345983 (base 11) to base 8.
-2061260
Convert -276229 (base 11) to base 10.
-432848
Convert 2473556 (base 9) to base 4.
11021001000
-7c4db (base 15) to base 10
-395981
What is 143c5a6 (base 14) in base 3?
200111102102001
Convert 12002333223 (base 4) to base 9.
2875346
-42503452 (base 7) to base 6
-205251011
What is 2554022 (base 6) in base 3?
21002102112
-a66b0e (base 15) to base 11
-451a658
What is -2304542 (base 11) in base 14?
-76d69c
40468 (base 10) to base 12
1b504
-3a24b (base 15) to base 10
-186146
What is -132215254 (base 6) in base 12?
-a6a52a
Convert -10001010011110011100 (base 2) to base 4.
-2022132130
10a371 (base 11) to base 13
61744
44394c (base 15) to base 4
30121333332
-114560 (base 8) to base 4
-21211300
What is 11001101011111101 (base 2) in base 3?
12100022210
Convert -33273 (base 10) to base 16.
-81f9
What is 5069b (base 13) in base 3?
21022110101
Convert -12216 (base 16) to base 13.
-27a56
Convert -872043 (base 11) to base 4.
-11110033010
Convert 20421152 (base 6) to base 10.
593852
What is 100011011100100010000 (base 2) in base 9?
2160232
Convert -12fad7 (base 16) to base 11.
-77a595
What is -2b4606 (base 12) in base 9?
-1337206
Convert 140234223 (base 5) to base 10.
711813
Convert 14ac40 (base 15) to base 6.
33222053
What is -3575424 (base 8) in base 4?
-3233230110
What is -25d4c (base 14) in base 12?
-45b00
Convert -1325520 (base 6) to base 9.
-122263
126554400 (base 7) to base 10
8215389
Convert 13173565 (base 8) to base 2.
1011001111011101110101
-121222044 (base 5) to base 13
-16c753
What is -61625264 (base 7) in base 3?
-100201110222112
Convert 38913 (base 11) to base 12.
28276
What is 124c5a (base 16) in base 10?
1199194
33130402 (base 5) to base 8
1057220
1473111 (base 8) to base 14
b049b
10002112221200 (base 3) to base 4
12101200230
Convert 67120 (base 15) to base 6.
11004450
What is -108838 (base 13) in base 15?
-7a97d
What is -222020120222 (base 3) in base 5?
-113012223
Convert -145254 (base 11) to base 7.
-1632362
4e03c2 (base 16) to base 7
61313015
Convert -4565711 (base 8) to base 3.
-2022222222021
-1331434 (base 5) to base 9
-41172
532523 (base 6) to base 12
21143
Convert -1576009 (base 10) to base 5.
-400413014
Convert 3431412 (base 5) to base 11.
42213
Convert 224025 (base 10) to base 16.
36b19
Convert 77267 (base 11) to base 15.
23349
Convert -3e919 (base 15) to base 13.
-7074c
What is 2722163 (base 8) in base 12?
30966b
What is 55248 (base 13) in base 9?
254450
Convert 6b2388 (base 13) to base 11.
148a612
Convert -4144323 (base 6) to base 3.
-101012010120
-1133233321 (base 4) to base 2
-1011111101111111001
121111101 (base 3) to base 12
6b61
-33421a9 (base 11) to base 13
-12a1c57
-1076330 (base 8) to base 4
-1013303120
Convert -322134443 (base 6) to base 8.
-25606033
17128283 (base 9) to base 10
8581296
What is -12105356 (base 9) in base 5?
-3003040324
994a3b (base 13) to base 3
20210100220121
Convert -11001011001101110101 (base 2) to base 5.
-203113443
What is 11001001000111110 (base 2) in base 3?
12020020212
Convert 5b10d (base 16) to base 11.
235276
Convert -553834 (base 11) to base 12.
-367316
Convert -56554 (base 9) to base 4.
-21030001
Convert -5642655 (base 8) to base 7.
-15651355
What is 43006607 (base 8) in base 16?
8c0d87
-22110022021020 (base 3) to base 4
-101021012313
What is 483505 (base 9) in base 6?
10124305
-2347251 (base 9) to base 6
-43130544
6252132 (base 8) to base 7
20052430
2113120344 (base 5) to base 14
83315b
What is -611127 (base 8) in base 11?
-128273
-127527 (base 9) to base 2
-10010111110001000
What is 11334010 (base 5) in base 12?
51081
Convert -4141361 (base 7) to base 5.
-111410130
-1150354054 (base 6) to base 5
-11334001243
-24c202a (base 13) to base 2
-101011110100001100000000
Convert 76622 (base 10) to base 4.
102231032
a375b (base 15) to base 8
1763624
Convert 21201011221 (base 3) to base 10.
151765
23101250 (base 6) to base 4
2230311132
1101100011101101101 (base 2) to base 15
8b97e
20214350 (base 7) to base 15
234255
What is -31131212 (base 5) in base 10?
-255182
Convert -1654024 (base 7) to base 8.
-704716
Convert -200011012201102 (base 3) to base 8.
-44635307
-131302123 (base 4) to base 9
-205327
Convert 1f192 (base 16) to base 11.
87779
Convert 3624361 (base 7) to base 8.
1602571
1356310 (base 10) to base 8
5131026
What is -2111312230 (base 4) in base 3?
-1011011222111
Convert 82b49 (base 15) to base 7.
3343566
-11271521 (base 10) to base 3
-210012122121202
Convert 11332111133 (base 4) to base 3.
2221120012202
Convert -1101101110 (base 2) to base 7.
-2363
Convert 111011010110100 (base 2) to base 11.
20916
What is 16852534 (base 9) in base 10?
8478706
Convert 1324440 (base 6) to base 5.
4323413
What is -101000110001110000 (base 2) in base 4?
-220301300
10401344 (base 5) to base 3
11121121210
-1072031 (base 10) to base 8
-4055637
Convert -1c354c (base 14) to base 2.
-11110110000111100000
-94413 (base 10) to base 12
-46779
-20221110 (base 3) to base 9
-6843
-8b6e5 (base 15) to base 12
-194922
3b46a7 (base 12) to base 2
11101111110111011111
-212222121122022 (base 3) to base 10
-12747032
What is -2660205 (base 7) in base 4?
-1111212321
Convert -9a7481 (base 16) to base 11.
-57940a4
What is 54c0c (base 16) in base 10?
347148
What is -731b5 (base 16) in base 13?
-1367a6
Convert -a8287a (base 14) to base 12.
-1aa64a4
-10011010101100011111 (base 2) to base 3
-1012012011211
Convert -204105 (base 7) to base 6.
-430120
222482 (base 9) to base 13
48758
27177221 (base 8) to base 3
102110122001112
-33861b (base 14) to base 9
-3260105
Convert 730212 (base 8) to base 12.
b7b22
Convert 8afe6 (base 16) to base 5.
121204233
What is -362491 (base 13) in base 14?
-2583bb
What is -113743 (base 9) in base 13?
-2519a
What is 79598 (base 11) in base 3?
12211222212
-4a0d9 (base 14) to base 5
-21300140
132211310 (base 4) to base 5
13002200
2152224 (base 6) to base 15
2205d
-26012 (base 15) to base 8
-355255
What is -110011010000011001100 (base 2) in base 15?
-2329ae
4546604 (base 7) to base 3
1001210012212
-7f94c (base 16) to base 8
-1774514
What is -225212 (base 7) in base 13?
-15413
-17372